he remainder when (74 - 0) + 1 + -1 is divided by r?
17
Let m be 35*((-3)/6*-4 - 4). Let h = -59 - m. Calculate the remainder when 20 is divided by h.
9
Let g = 499 + -426. What is the remainder when 142 is divided by g?
69
Suppose 0 = 4*v + 8 + 4. Let b be (2 + -1)*v - -6. Suppose 2*y + b*p - 7 - 2 = 0, y = 5*p + 11. Calculate the remainder when 9 is divided by y.
3
Let i = 16 - -23. Calculate the remainder when 1324 is divided by i.
37
Suppose -j + 73 = -4*d, 238 = 5*j + 2*d - 83. Suppose -3*p + 39 + 52 + 11 = 0. Calculate the remainder when j is divided by p.
31
Let a(u) be the first derivative of 9*u**2/2 - u + 4. What is the remainder when ((-4)/(-8)*150)/1 is divided by a(3)?
23
Calculate the remainder when (9 - (-4 + 8))*4 is divided by 4.
0
Let b be 424 - (-1)/1*2. Suppose 4*h = -2*z - z + b, 2*h + 5*z = 220. Let t = h - 63. What is the remainder when t is divided by 15?
12
Suppose 0 = -5*q - 7 + 17. What is the remainder when 152 is divided by 600/18*3/2 + q?
48
Suppose -2*w - 5*d + 18 = 0, d - 45 = -5*w + 3*d. Let z = -17 + w. Calculate the remainder when ((-146)/(-3))/(z/(-12)) is divided by 19.
16
Let x(a) = a**2 + 4*a. Suppose 4*t + 28 = -0*t. Calculate the remainder when 41 is divided by x(t).
20
Let k(d) = -3*d**3 - 47*d**2 + 7*d - 9. Suppose -21 = l - 5. What is the remainder when k(l) is divided by 46?
43
Let w = -220 - -329. Calculate the remainder when w is divided by 22.
21
Let u(n) = -4*n**3 - 3*n**2 - 4*n - 3. Let i be 3 - ((-3 - -3)/(-3) + 40). Let z = i + 50. What is the remainder when u(-2) is divided by z?
12
Let x(h) = 4*h - 2. Let r(l) = l**2 - 4*l + 2. Let k(j) = 5*r(j) + 4*x(j). Calculate the remainder when 25 is divided by k(2).
11
Let y(u) = -u**2 + 9*u + 2. Suppose 2*l - d = 208 - 38, -l = -5*d - 85. Calculate the remainder when l is divided by y(4).
19
Suppose 6*j - 2*j = 4*n + 256, j - 48 = -3*n. Suppose -z - 8 = -j. Calculate the remainder when z is divided by 27.
25
Suppose -112*u = -118*u + 54. Calculate the remainder when u is divided by 0 - -1 - -6 - 2.
4
Suppose 5*z = 4*k + 47, -3*k - 3*z - 17 = 52. Let p(l) = l + 24. Let h be p(k). Calculate the remainder when 3/h + 21/2 is divided by 3.
2
Suppose -384 = 33*l - 1308. Calculate the remainder when 90 is divided by l.
6
Let i = -57 + 56. Suppose 2*z - 69 = -4*d + 5*z, 2*d - 37 = -z. Let k = d - i. What is the remainder when 55 is divided by k?
17
Let u be (-1 - 1 - -3) + -1. Suppose -7*z - 19 = -33. Suppose 3*o = 2*o - i, u = -z*o - 3*i - 5. What is the remainder when 13 is divided by o?
3
Let s = 362 - 176. Suppose 0 = -2*k - 30 + s. What is the remainder when k is divided by 20?
18
Let b = 6 - -2. Suppose 34*v + 63 = 38*v - 3*p, 42 = 3*v + 3*p. What is the remainder when v is divided by b?
7
Suppose -5*u - 2 = 3*y, 5*u + 4*y - 6 = 3*y. Suppose -5*q - s + 49 = u*s, 4*s = 2*q - 4. Let i = -25 - -56. Calculate the remainder when i is divided by q.
7
Let d = -3 - 5. Let p = -2 - d. Suppose 113 = p*s + 5. What is the remainder when s is divided by 7?
4
Let x(o) = 20*o + 2. Suppose 0 = -13*j + 12*j + 14. Suppose 3*b + 2*k - j = 23, 0 = b - 3*k - 16. Calculate the remainder when x(3) is divided by b.
10
Suppose -2*d - 9 = 5. Let m = 13 + d. Calculate the remainder when 26 is divided by m/(-4)*(-112)/12.
12
Let o be 2 - 2*(-3)/3. Suppose 14 = 812*x - 810*x. Calculate the remainder when 9 - (-3 + o + -3) is divided by x.
4
Suppose 20*j = 225 + 595. Calculate the remainder when 109 is divided by j.
27
Suppose -3*w + 29 = 14. Suppose -2*i + 2 = 0, w*i - 6*i = 5*n - 131. Let s = 22 - 15. Calculate the remainder when n is divided by s.
5
Let x(g) = g**3 - 8*g**2 - 26*g + 31. What is the remainder when x(11) is divided by 60?
48
Suppose 0 = -32*r + 34*r - 6. Let i = -2 - -6. Suppose 2*b + i*u = -2*b - 8, 3*b - 3*u - 24 = 0. What is the remainder when r is divided by b?
0
Let l = 1565 - 1560. Suppose 0 = -0*v - 5*v + 65. Calculate the remainder when v is divided by l.
3
Suppose 5*i - 4*p - 206 = 26, 2*i + 4*p = 76. Let j(v) = 1. Let o(l) = 8*l - 7. Let g(h) = 6*j(h) + o(h). Calculate the remainder when i is divided by g(2).
14
Let d = -9 + 12. Let v = 15 - d. Let u = -11 + v. What is the remainder when 3 is divided by u?
0
Let s(j) = j**3 + 3*j**2 - 3*j. Let c be 8/2*(-14)/(-28). Calculate the remainder when s(c) is divided by 3.
2
Suppose -4*j = -5*r + 29, 3*r - 2*r = -3*j + 2. What is the remainder when r*1/10 - (-27)/2 is divided by 6?
2
Let s(o) = 5*o + 8. Let n(v) = 0*v + 2*v - 11 - v - 4*v. What is the remainder when s(6) is divided by n(-7)?
8
Let i(q) = q**3 + 2*q**2 + q + 8. Suppose -4*o - 33 = -o. What is the remainder when o/((1 + -3)/4) is divided by i(0)?
6
Suppose -20 = 2*z + 3*a, 2*z - 5*a = -34 - 2. Let f = 21 - z. Calculate the remainder when f is divided by 13.
8
Suppose 21 - 147 = -21*y. Suppose -2*f + 2*z + 6 = 6*z, 0 = -5*f - 5*z + 30. What is the remainder when f is divided by y?
3
Suppose -9*g + 8 = -8*g. Let y = -57 + 102. What is the remainder when y is divided by g?
5
Suppose 17 = 4*k - 3*k. Suppose -k = -5*m - 2. What is the remainder when 56 is divided by 2/(177/57 - m)?
18
Let x = 1 + 1. Calculate the remainder when 2/9 + (-48)/(-27) is divided by x.
0
Let o = 25 + -2. Suppose 5*h - 435 = n, 264*h - 4*n + 372 = 268*h. Calculate the remainder when h is divided by o.
19
Let b(m) = 2*m**3 - m**2 - m - 1. Suppose 2*h + 2*h = 12. Suppose -h*i = -0*i - 6. Calculate the remainder when 26 is divided by b(i).
8
Let a be 1470/24 - 2/8. Suppose i + a = 5*c - 3*c, 2*i - 2 = 0. What is the remainder when c is divided by 104/6 + 3*(-2)/18?
14
Let w = 297 + -184. What is the remainder when w is divided by 6?
5
Suppose 2*k + 0 + 6 = 0. Let j be (-8)/12 - (-1)/k. Let g = 13 + j. Calculate the remainder when 20 is divided by g.
8
Suppose -1 - 90 = -y + 2*w, 0 = -2*w. What is the remainder when y is divided by 4?
3
Suppose 3*f - 93 = -36. Let h be (7/14)/(1/(-6)). Calculate the remainder when f is divided by -3 + 11 + h + 2.
5
Suppose 0 = -4*o - 18 + 270. Calculate the remainder when 321 is divided by o.
6
Suppose -20*t - 467 = -2327. Let b(w) = 16*w**2. Calculate the remainder when t is divided by b(1).
13
Suppose z = -4*h + 204, 5*h = -2*z + 118 + 140. Let k = -19 + h. Suppose 4*a + 4 = 0, 2*r + 5*a - 7 = 4. Calculate the remainder when k is divided by r.
7
Let z(c) = 36*c**2 - 16*c + 28. Calculate the remainder when z(2) is divided by 24.
20
Suppose 5*w - 2*u = -2 + 3, 12 = -4*u. Calculate the remainder when 8/16*(-34)/w is divided by 8.
1
Let g(a) = -a**3 + 9*a**2 - 11*a + 2. Let k be g(8). Let r = -9 - k. Calculate the remainder when 24 is divided by r.
11
Let t(z) be the first derivative of -7/2*z**2 - 4 - 2*z. Calculate the remainder when t(-4) is divided by 14.
12
Let k(g) = g + 66. Calculate the remainder when 115 is divided by k(-12).
7
Let m be ((-4)/2 - 3)/(-1) - 0. Let v(j) = j**3 - 4*j**2 - 4*j + 2. What is the remainder when v(m) is divided by (-1 + 3)/(1/2)?
3
Calculate the remainder when 251 is divided by 3/(-2)*(-6 + -40).
44
Let r(o) = -4*o + 22. Let l be r(6). Let d(p) = -15*p - 12. What is the remainder when 50 is divided by d(l)?
14
Let v = 28 - -23. Suppose 4*l = -368 + 1176. Calculate the remainder when l is divided by v.
49
Let f(l) = 2*l**2 - 3*l. Suppose -5*c + 8 = -4*c + 2*o, -2*c + 4*o - 8 = 0. Let h be f(c). Calculate the remainder when 12 is divided by -1 + 3*h/1.
2
Let n(g) = 5*g - 22. Let r be (-143)/(-52) + (-1)/(-4). Let k = r + 13. Calculate the remainder when n(k) is divided by 30.
28
Suppose 11840 = 124*j - 28832. Calculate the remainder when j is divided by 321.
7
Calculate the remainder when 10 is divided by ((-56)/140)/((-1)/(-10)) - -9.
0
Let z(p) = -7 + 2*p - 11*p + 0*p + 4*p**2 - 3*p. Calculate the remainder when z(6) is divided by 17.
14
Suppose -12*t = -15*t + 9, 4*i - 3*t = 1419. What is the remainder when i is divided by 20?
17
Let x(q) = 44*q - 510. What is the remainder when x(32) is divided by 31?
30
Suppose -650 = 5*f - 0*f. Let r = -88 - f. Calculate the remainder when 1204/r + 2/6 is divided by 16.
13
Suppose 3*s = -0*o - 2*o + 59, -s = -4*o - 43. Calculate the remainder when s is divided by 6.
5
Let b = 219 + -104. What is the remainder when b is divided by 39?
37
Let d be 6/(-9) - (-577)/(-3). Let 